ivided by m.
11
Let u = 4 + -4. Suppose -8 = -4*n, 3*d - 4*n = -2 - 0. Suppose -60 = -u*k - d*k. What is the remainder when k is divided by 16?
14
Suppose -44 = -30*t + 34*t. Suppose -9 - 43 = -4*z. Let u = t + z. Calculate the remainder when 4 is divided by u.
0
Let m = -33 - -27. Let k = m - -47. What is the remainder when 79 is divided by k?
38
Suppose -3*q + 10*q - 637 = 0. Suppose -5*j + q - 41 = 0. Calculate the remainder when 27 is divided by j.
7
Let o = -157 + 1345. Calculate the remainder when o is divided by 70.
68
Let v be 2/10 - (-3)/((-30)/(-38)). Suppose v*h - 40 = -4*o, -o + 2*h = -5*o + 48. What is the remainder when 40 is divided by o?
12
Suppose -u - u + 40 = -2*o, o = -5*u + 82. Let x = -14 + u. Calculate the remainder when 147 is divided by 111*x/9*1.
36
Let i be 135/(-2)*(-120)/45. Let u = -116 + i. What is the remainder when u is divided by 22?
20
Let m be (-2)/9 + (-4256)/(-36) + 3. Let a = m + -1. Calculate the remainder when a is divided by 11.
10
Suppose 13*t - 65 = 18*t. Let i(k) = -5*k - 18. Calculate the remainder when i(t) is divided by 12.
11
Let w(q) = q**3 - 8*q**2 + 4*q + 11. Let m be w(8). Let y = -40 + m. What is the remainder when y is divided by 3?
0
Calculate the remainder when -145*(-12)/40*4 is divided by 36.
30
Let g = 576 - 456. Calculate the remainder when g is divided by 41.
38
Let p = 5 - 0. Suppose 0 = 42*a + 174*a - 216. Calculate the remainder when p is divided by a.
0
Let d(p) = -p**2 + 9*p - 8. Let g be d(8). Let q(f) = 6*f + g*f + 4 - 5*f. What is the remainder when 1 is divided by q(-3)?
0
Suppose -157 = -4*j + 19. Let o = -13515 - -13527. What is the remainder when j is divided by o?
8
Suppose -4*h - 14 = 2, 3*m = -5*h - 8. Let k(n) = -2*n + 18. Calculate the remainder when (0 - 1)/((-1)/28) is divided by k(m).
8
Let h(l) = -4*l**3 + 5*l**2 - 6*l + 2. Let a be h(2). Let s = 38 + a. What is the remainder when 62 is divided by s?
14
Suppose -4*h - 5*i + 40 = 0, -2*h + 2*i = -2*i + 6. Let a(o) = -o**3 + 4*o**2 + 5*o + 5. Calculate the remainder when 14 is divided by a(h).
4
Suppose -2*x = -2*g + 12, 5*x = -9*g + 11*g - 24. Suppose -a + 47 = -5*p, a + 12 = -g*p + 59. What is the remainder when a is divided by 16?
15
Suppose -2*k - 68*i = -72*i - 70, -3*i - 30 = -k. What is the remainder when 334 is divided by k?
19
Suppose -18 = -p - 0*p. Suppose 5*a = 7*a - 4. Let x = a + 5. Calculate the remainder when p is divided by x.
4
Calculate the remainder when 6 + (-9 - 0) + 169 is divided by (42/8)/(12/32).
12
Let q be (-6)/9*(54/(-4) - 0). Suppose -3*k - 2*a = -q, -13 = 2*k - 0*a - 5*a. What is the remainder when 1 is divided by k?
0
Let x = -28 - -46. Suppose -j + 10 = -x. Calculate the remainder when 12 is divided by 7/j - 27/(-4).
5
Suppose -31*y + 26*y = 485. Let c = y - -111. What is the remainder when c is divided by 4?
2
Suppose 2*z - 56 = -3*j - 0*z, -j + 2*z + 24 = 0. Suppose 24 = c + j. Calculate the remainder when 7 is divided by c.
3
Suppose 4*l + 8 = 6*l, 0 = -2*h + 5*l - 8. Let x = -29 + 55. Calculate the remainder when x is divided by h.
2
Let b = -243 - -266. What is the remainder when 131 is divided by b?
16
Let z(r) = 23*r + 358. What is the remainder when 35 is divided by z(-15)?
9
Suppose 3*l = 3*o + 30, 6*o = -4*l + o + 49. Calculate the remainder when 97 is divided by l.
9
Let i(g) = -g**2 + 7*g + 1051. Suppose -6*u + 54 = -4*u. What is the remainder when u is divided by i(36)?
6
Let b be (-67 + -5)*(-6)/(-8). Let a = -33 - b. Let m = -49 - -109. Calculate the remainder when m is divided by a.
18
Let p(g) = g**3 + 8*g**2 + 1. Let j be p(-8). Let n be (2/4)/(j/10). Calculate the remainder when 9 is divided by (2 - n - -13)/2.
4
Suppose -3*k + 140 + 29 = -2*a, -8 = 4*a. Calculate the remainder when 213 + 3 + -2 + 1 is divided by k.
50
Let p = 0 - -9. Let j = -26 - -28. Suppose -4*g + 50 = -j*g. Calculate the remainder when g is divided by p.
7
Suppose 1050 = 17*u - 2*u. What is the remainder when u is divided by 12?
10
Let j = -11 - -21. Suppose p = -4*t - 3, 0*p - 4*t = 2*p - j. Let m = -50 - -87. What is the remainder when m is divided by p?
11
Let w = 9 - -1. Let a = 40 - w. Calculate the remainder when (1 + (-3)/(-5))*a is divided by 17.
14
Let j = -372 + 409. What is the remainder when 73 is divided by j?
36
Let d be (2 + 5)*1*3. Let a = 41 - d. Suppose -a = -5*y - 2*p - 2, y + 2*p - 10 = 0. What is the remainder when 7 is divided by y?
1
Suppose 2*o - 2 = 0, -4*g + 5*o + 6 = -5. Suppose -5*q - 2*p + 222 = 0, g*p + 40 = -q + 2*q. Calculate the remainder when q is divided by 24.
20
Suppose 4*t - 19 - 15 = -2*r, t - 13 = -r. What is the remainder when 15 is divided by r?
6
Suppose -21*m - b = -22*m + 43, 127 = 3*m - 5*b. What is the remainder when m is divided by 15?
14
Let k(p) = -p**2 - 11*p - 4. Let r(l) = 0*l**3 + l**3 - 4 - 2*l + 0*l**3 + 2*l**3. Calculate the remainder when r(3) is divided by k(-7).
23
Suppose -6*w - 68 = -4*h, -3*w - 63 - 40 = -5*h. Calculate the remainder when 31 is divided by h.
8
Let u = 779 - 527. Calculate the remainder when u is divided by 17.
14
Calculate the remainder when 271 is divided by (6/3 - -12)/((-8)/(-4)).
5
Suppose -2*g = a - 66, -3*a + 6*g = 4*g - 158. What is the remainder when a is divided by 12?
8
Suppose 141*q - 131*q - 770 = 0. Calculate the remainder when q is divided by 18.
5
Let a(c) = 20*c - 1. Let k be -1 + (-5 - -6) + (-2)/(-1). Suppose -5*f = q - 21, 4 = q + k*f - 17. Calculate the remainder when a(4) is divided by q.
16
Let p(o) = -o**3 - 14*o**2 + 17*o + 35. Let j be p(-15). Suppose 0*l + j*l - 50 = -c, 2*l + 4*c = 20. Calculate the remainder when 52 is divided by l.
2
Suppose -4*m + 3*m = -5*u + 44, 2*m + 40 = 4*u. Calculate the remainder when 157 is divided by u.
5
Calculate the remainder when (-518)/(-10) + (-8)/10 is divided by 14.
9
Let h(m) = 2*m**3 - 3*m**2 - m + 2. Let o = -56 + -16. Let d = o + 86. What is the remainder when h(3) is divided by d?
12
Let h(l) = -8*l - 77. Let n be h(-11). Suppose v = 3 + 1. Calculate the remainder when (v + n - 2) + 2 is divided by 6.
3
Let y(w) be the first derivative of -w**2/2 - 7*w - 12. Let a be y(-6). What is the remainder when 137 is divided by (-2)/a - (-330)/10?
32
Let n(z) = -2*z**3 - 3*z**2 + 8*z + 18. What is the remainder when n(-5) is divided by 39?
36
Let y(a) = -4*a**2 + 58*a - 6. Calculate the remainder when y(13) is divided by 39.
33
Suppose 2*x - 3*v - 200 = 0, 3*x - 2*v - v - 306 = 0. Let i(n) = 9*n**2 + 6*n + 3. What is the remainder when x is divided by i(-2)?
25
Suppose -2*i = -a + 1049 - 265, 2*i = -3*a + 2336. Calculate the remainder when 74 is divided by a/40 - ((-10)/(-4) + -2).
17
Suppose 0 = -9*z + 4*z + 235. Let k(v) = 2*v + 7. Calculate the remainder when z is divided by k(3).
8
Suppose -5*i + 349 = -176. Calculate the remainder when i is divided by 22.
17
Let n(c) = -c**2 - 2*c + 2. Let g be n(-4). What is the remainder when 11/(33/15) - -33 is divided by (1 + g*1)*-2?
8
Suppose 28*d - 31*d = -6. Let h = 4 + 2. What is the remainder when -1*(-2)/(-4)*(d - 36) is divided by h?
5
Let w = 19 + -31. Suppose 0 = -5*a + 68 + 17. Let b = a + w. Calculate the remainder when 12 is divided by b.
2
Let s = -169 + 191. Calculate the remainder when 156 is divided by s.
2
Let u(b) = -b**3 + 10*b**2 - 9*b + 4. Let m be u(8). Suppose -6*d + 330 = m. What is the remainder when 133 is divided by d?
43
Suppose -3*n = 3*p - 318, 9*p + 198 = 2*n + 4*p. Calculate the remainder when n is divided by 27.
23
Let o = 51 + -123. Let a = o + 82. Calculate the remainder when 47 is divided by a.
7
Let w = 19 + -13. Let z(j) = 5*j - 3 - 4*j - 11*j. Calculate the remainder when z(-2) is divided by w.
5
Suppose 0 = 5*r - 2 - 18. Suppose r + 41 = 3*b. Calculate the remainder when b is divided by 8.
7
Let c be (0 + 20/8)*2. Suppose j - c*j + 276 = -4*a, -2*j + 126 = -5*a. What is the remainder when j is divided by 15?
13
Suppose 4*u = -5*y + 457, 0 = -5*u + 15*y - 11*y + 561. Calculate the remainder when 561 is divided by u.
109
Let x = -146 + 158. Calculate the remainder when x is divided by 3.
0
Suppose -15*z + 1162 = -8*z. What is the remainder when z is divided by 28?
26
Let f = -820 - -833. Calculate the remainder when 2/(-1) + 51/1 is divided by f.
10
Let g = -23 + 38. Su